{"id":20,"date":"2019-07-22T20:20:55","date_gmt":"2019-07-22T20:20:55","guid":{"rendered":"http:\/\/leben-geht-anders.info\/?page_id=20"},"modified":"2020-09-30T11:18:45","modified_gmt":"2020-09-30T09:18:45","slug":"coaching","status":"publish","type":"page","link":"https:\/\/leben-geht-anders.info\/?page_id=20","title":{"rendered":"Coaching"},"content":{"rendered":"\n<p>Coaching meint nach der Deutschen Gesellschaft f\u00fcr Coaching (DGfC) \u201eeine professionelle, flexible und nachhaltige Form der Beratung\u201c. Coaching unterst\u00fctzt Menschen dabei, ihre Ressourcen zu entfalten, eigene Handlungsoptionen auszubauen, berufliche oder private Konflikte und Probleme zu bearbeiten, gesteckte Ziele zu erreichen sowie neue Perspektiven zu entdecken.<\/p>\n\n\n\n<p>Im Einzelsetting wirke ich als Coach ganz bewusst nicht an der Selbstoptimierung meiner Klientinnen mit, sondern unterst\u00fctze meine Coachees kreativ, aufgeschlossen und achtsam, ihre Selbststeuerungskr\u00e4fte zu st\u00e4rken. Eine systemische Herangehensweise achtet dabei nicht nur auf den einzelnen Menschen, sondern auf die Systeme und ihre relevanten Umwelten, in denen sich Menschen beruflich oder privat bewegen.  <\/p>\n\n\n\n<p><strong>Gute Gr\u00fcnde f\u00fcr die systemische Beratung<\/strong><\/p>\n\n\n\n<p>Beweggr\u00fcnde f\u00fcr ein Einzelcoaching gibt es viele: Meine Klient*innen nehmen eine berufliche Herausforderung, den Wunsch nach pers\u00f6nlicher Neuausrichtung oder belastende Konflikte und Probleme zum Anlass, sich systemisch begleiten zu lassen. Kommunikationshindernisse mit der neuen Chefin oder dem neuen Vorgesetzten, lange aufgeschobene Entscheidungen oder der Wunsch nach einer Au\u00dfenperspektive auf lange einge\u00fcbte Routinen k\u00f6nnen den Ansto\u00df geben f\u00fcr ein gleichw\u00fcrdiges Coaching unter vier Augen. F\u00fchrungskr\u00e4fte begleite ich bei der Weiterentwicklung einer wertsch\u00e4tzenden Kommunikation oder einem lateralen, Menschen erm\u00e4chtigendem F\u00fchrungsverst\u00e4ndnis.<\/p>\n\n\n\n<p>Meine Klient*innen verlassen sich dabei auf eine wertsch\u00e4tzende Atmosph\u00e4re und ein vertrauensvolles Miteinander. Bildhaft gesprochen f\u00fchre ich meine Beratungsgespr\u00e4che \u201eunter der K\u00e4seglocke\u201c: Meine Coachees entscheiden selbst, was sie von sich Preis geben. Ich sichere wiederum absolute Vertraulichkeit zu.<\/p>\n\n\n\n<div class=\"wp-block-image\"><figure class=\"alignleft is-resized\"><img loading=\"lazy\" decoding=\"async\" src=\"http:\/\/leben-geht-anders.info\/wp-content\/uploads\/2019\/07\/2019_lga_Eisberg.png\" alt=\"Bild eines Eisbergs\" class=\"wp-image-152\" width=\"291\" height=\"195\" srcset=\"https:\/\/leben-geht-anders.info\/wp-content\/uploads\/2019\/07\/2019_lga_Eisberg.png 1000w, https:\/\/leben-geht-anders.info\/wp-content\/uploads\/2019\/07\/2019_lga_Eisberg-300x201.png 300w, https:\/\/leben-geht-anders.info\/wp-content\/uploads\/2019\/07\/2019_lga_Eisberg-768x515.png 768w, https:\/\/leben-geht-anders.info\/wp-content\/uploads\/2019\/07\/2019_lga_Eisberg-624x419.png 624w\" sizes=\"auto, (max-width: 291px) 100vw, 291px\" \/><\/figure><\/div>\n\n\n\n<p>Nach meinem Verst\u00e4ndnis ist Coaching weniger fachliche Expertise, denn Beratung und Begleitung mit Herz, Emotion und Bauchgef\u00fchl. Mit dem Bild des Eisbergs gesprochen, arbeite ich mit meinen Klient*innen sowohl an der Oberfl\u00e4che aus Fakten und sachlichen Beobachtungen als auch unter dem Wasserspiegel an Informellem, an Emotionen, Hoffnungen oder \u00c4ngsten. Gerade den zwischenmenschlichen Beziehungen sowie den einzelnen Bed\u00fcrfnissen und W\u00fcnschen misst das systemische Coaching gro\u00dfe Bedeutung bei. Der genaue Blick auf Ihre Bed\u00fcrfnisse und Belange ist mir wichtiger, als neueste Management-Tools und Human Ressources-Trends. Dabei ist Coaching keine Therapie und beansprucht keinesfalls, im Einzelfall medizinische Heilung oder psychotherapeutische Behandlung zu ersetzen. <\/p>\n\n\n\n<p><strong>Coaching startet mit einem ersten Schritt<\/strong><\/p>\n\n\n\n<p>Am Beginn eines Coaching-Prozesses steht ein kostenfreies Erstgespr\u00e4ch. Sie lernen mich, meine Haltung und Arbeitsweisen kennen und machen sich ein Bild von mir. Anschlie\u00dfend vereinbaren wir Ihre Ziele sowie L\u00e4nge und Ablauf der Beratung \u2013 in der Regel einige wenige Sitzungen. Beratungstermine dauern normalerweise 90 Minuten und finden in Ihren R\u00e4umen, bei einem Spaziergang im Park oder in Tagungs- und Bildungsst\u00e4tten sowie in Beratungsr\u00e4umen in Hannover statt.<\/p>\n\n\n\n<p><strong>Sie haben Fragen an mich? Ich freue mich auf Ihre <\/strong><a href=\"http:\/\/leben-geht-anders.info\/?page_id=24\"><strong>Nachricht<\/strong><\/a><strong>!<\/strong><\/p>\n","protected":false},"excerpt":{"rendered":"<p>Coaching meint nach der Deutschen Gesellschaft f\u00fcr Coaching (DGfC) \u201eeine professionelle, flexible und nachhaltige Form der Beratung\u201c. Coaching unterst\u00fctzt Menschen dabei, ihre Ressourcen zu entfalten, eigene Handlungsoptionen auszubauen, berufliche oder private Konflikte und Probleme zu bearbeiten, gesteckte Ziele zu erreichen sowie neue Perspektiven zu entdecken. Im Einzelsetting wirke ich als Coach ganz bewusst nicht an [&hellip;]<\/p>\n","protected":false},"author":1,"featured_media":0,"parent":0,"menu_order":2,"comment_status":"closed","ping_status":"closed","template":"","meta":{"footnotes":""},"class_list":["post-20","page","type-page","status-publish","hentry"],"_links":{"self":[{"href":"https:\/\/leben-geht-anders.info\/index.php?rest_route=\/wp\/v2\/pages\/20","targetHints":{"allow":["GET"]}}],"collection":[{"href":"https:\/\/leben-geht-anders.info\/index.php?rest_route=\/wp\/v2\/pages"}],"about":[{"href":"https:\/\/leben-geht-anders.info\/index.php?rest_route=\/wp\/v2\/types\/page"}],"author":[{"embeddable":true,"href":"https:\/\/leben-geht-anders.info\/index.php?rest_route=\/wp\/v2\/users\/1"}],"replies":[{"embeddable":true,"href":"https:\/\/leben-geht-anders.info\/index.php?rest_route=%2Fwp%2Fv2%2Fcomments&post=20"}],"version-history":[{"count":12,"href":"https:\/\/leben-geht-anders.info\/index.php?rest_route=\/wp\/v2\/pages\/20\/revisions"}],"predecessor-version":[{"id":261,"href":"https:\/\/leben-geht-anders.info\/index.php?rest_route=\/wp\/v2\/pages\/20\/revisions\/261"}],"wp:attachment":[{"href":"https:\/\/leben-geht-anders.info\/index.php?rest_route=%2Fwp%2Fv2%2Fmedia&parent=20"}],"curies":[{"name":"wp","href":"https:\/\/api.w.org\/{rel}","templated":true}]}}