{"id":22,"date":"2019-07-22T20:21:26","date_gmt":"2019-07-22T20:21:26","guid":{"rendered":"http:\/\/leben-geht-anders.info\/?page_id=22"},"modified":"2020-09-30T11:19:13","modified_gmt":"2020-09-30T09:19:13","slug":"moderation","status":"publish","type":"page","link":"https:\/\/leben-geht-anders.info\/?page_id=22","title":{"rendered":"Moderation"},"content":{"rendered":"\n<div class=\"wp-block-image\"><figure class=\"alignright is-resized\"><img loading=\"lazy\" decoding=\"async\" src=\"http:\/\/leben-geht-anders.info\/wp-content\/uploads\/2019\/07\/2019_lga_Stellwand-1024x778.png\" alt=\"\" class=\"wp-image-153\" width=\"280\" height=\"212\" srcset=\"https:\/\/leben-geht-anders.info\/wp-content\/uploads\/2019\/07\/2019_lga_Stellwand-1024x778.png 1024w, https:\/\/leben-geht-anders.info\/wp-content\/uploads\/2019\/07\/2019_lga_Stellwand-300x228.png 300w, https:\/\/leben-geht-anders.info\/wp-content\/uploads\/2019\/07\/2019_lga_Stellwand-768x584.png 768w, https:\/\/leben-geht-anders.info\/wp-content\/uploads\/2019\/07\/2019_lga_Stellwand-624x474.png 624w, https:\/\/leben-geht-anders.info\/wp-content\/uploads\/2019\/07\/2019_lga_Stellwand.png 1729w\" sizes=\"auto, (max-width: 280px) 100vw, 280px\" \/><\/figure><\/div>\n\n\n\n<p>Als erfahrener Moderator, systemischer Coach und Erwachsenenbildner begleite ich Sie bei Klausuren, Sitzungen oder Konferenzen. \u00dcber die systemische Beratung hinaus lenke ich als Moderator den Blick darauf, Diskussionsprozesse zu gestalten und Sie bei der Erarbeitung tragf\u00e4higer wie nachhaltiger L\u00f6sungen zu unterst\u00fctzen. Auf diese Weise k\u00f6nnen Sie in den Ihnen angestammten Rollen verbleiben und sich auf das eigene Agieren konzentrieren. <br> Auf Sie zugeschnittene Workshops und Seminare erm\u00f6glichen ferner das gezielte Lernen in Teams und Organisationen. Aufbauend auf einem kritisch-emanzipativen Lernverst\u00e4ndnis konzentriere ich mich auf Ihre Bed\u00fcrfnisse und Bedarfe. Dabei sch\u00f6pfe ich aus einem vielf\u00e4ltigen Methodenbaukasten:<\/p>\n\n\n\n<ul class=\"wp-block-list\"><li>Moderationsmethode f\u00fcr eine demokratische und hierarchiesensible Diskussionskultur<\/li><li>Gewaltfreie Kommunikation nach Marshall B. Rosenberg f\u00fcr einen wertsch\u00e4tzenden Umgang miteinander<\/li><li>Themenzentrierte Interaktion f\u00fcr l\u00f6sungsorientierte Gruppenprozesse<\/li><li>Systemische Elemente der Aufstellungs- und Tetralemma-Arbeit sowie Erlebnis-P\u00e4dagogik f\u00fcr ein nachhaltiges Teambuilding<\/li><li>Rollen- und Planspiele, Heldenreise sowie narratives Lernen mit Hilfe von Storytelling f\u00fcr authentische Lernszenarien<\/li><li>Teambuilding-Ma\u00dfnahmen sowie die aktive Erarbeitung von gemeinsamen Arbeitsweisen und Regeln<\/li><\/ul>\n\n\n\n<p>Am Beginn einer Moderation steht ein kostenfreies Erstgespr\u00e4ch. Sie lernen mich, meine Haltung und Arbeitsweisen kennen und machen sich ein Bild von mir. Anschlie\u00dfend vereinbaren wir in einer Auftragskl\u00e4rung Ihre Ziele sowie Setting und Erwartungen an die Moderation. Ein ausf\u00fchrliches Nachgespr\u00e4ch sorgt f\u00fcr ein wertsch\u00e4tzendes Feedback.<\/p>\n\n\n\n<p><strong>Sie haben Fragen an mich? Ich freue mich auf Ihre <a href=\"http:\/\/leben-geht-anders.info\/?page_id=24\">Nachricht<\/a>!<\/strong><\/p>\n","protected":false},"excerpt":{"rendered":"<p>Als erfahrener Moderator, systemischer Coach und Erwachsenenbildner begleite ich Sie bei Klausuren, Sitzungen oder Konferenzen. \u00dcber die systemische Beratung hinaus lenke ich als Moderator den Blick darauf, Diskussionsprozesse zu gestalten und Sie bei der Erarbeitung tragf\u00e4higer wie nachhaltiger L\u00f6sungen zu unterst\u00fctzen. Auf diese Weise k\u00f6nnen Sie in den Ihnen angestammten Rollen verbleiben und sich auf [&hellip;]<\/p>\n","protected":false},"author":1,"featured_media":0,"parent":0,"menu_order":3,"comment_status":"closed","ping_status":"closed","template":"","meta":{"footnotes":""},"class_list":["post-22","page","type-page","status-publish","hentry"],"_links":{"self":[{"href":"https:\/\/leben-geht-anders.info\/index.php?rest_route=\/wp\/v2\/pages\/22","targetHints":{"allow":["GET"]}}],"collection":[{"href":"https:\/\/leben-geht-anders.info\/index.php?rest_route=\/wp\/v2\/pages"}],"about":[{"href":"https:\/\/leben-geht-anders.info\/index.php?rest_route=\/wp\/v2\/types\/page"}],"author":[{"embeddable":true,"href":"https:\/\/leben-geht-anders.info\/index.php?rest_route=\/wp\/v2\/users\/1"}],"replies":[{"embeddable":true,"href":"https:\/\/leben-geht-anders.info\/index.php?rest_route=%2Fwp%2Fv2%2Fcomments&post=22"}],"version-history":[{"count":8,"href":"https:\/\/leben-geht-anders.info\/index.php?rest_route=\/wp\/v2\/pages\/22\/revisions"}],"predecessor-version":[{"id":256,"href":"https:\/\/leben-geht-anders.info\/index.php?rest_route=\/wp\/v2\/pages\/22\/revisions\/256"}],"wp:attachment":[{"href":"https:\/\/leben-geht-anders.info\/index.php?rest_route=%2Fwp%2Fv2%2Fmedia&parent=22"}],"curies":[{"name":"wp","href":"https:\/\/api.w.org\/{rel}","templated":true}]}}